Let o = 221 + -223. Calculate l(o).
2
Let l = -234 + 240. Suppose -p + 0*p + 22 = 0. Let s be 4/l + -2*p/12. Let q(m) = m**3 + 5*m**2 + 2*m - 2. Determine q(s).
10
Let w(k) = -2*k**2 + 3*k. Let c(r) = -3*r**2 + 4*r - 1. Let z(a) = -4*c(a) + 5*w(a). Let s be 7/(-63) - 26/9. Give z(s).
25
Let v be 1*12*70/210. Suppose -5*y - 2*p - 2 + 4 = 0, 0 = 5*y - 4*p + v. Let w(q) = q - 1. Calculate w(y).
-1
Let s(g) = -11*g - 3. Suppose -4*y - 2*o - 16 = 0, 8*o = 11*o - 6. Give s(y).
52
Let s(l) = -5*l - 306. Let r(d) = 6*d + 358. Let k(g) = 6*r(g) + 7*s(g). Let a(o) = o + 4. Let n be 6/(1 - 2) + 2. Let w(h) = n*k(h) + 5*a(h). Calculate w(3).
-1
Let j(t) be the first derivative of -t**7/840 - t**6/72 - t**5/30 - 5*t**4/24 + 10*t**3/3 + 3*t + 19. Let z(m) be the third derivative of j(m). What is z(-5)?
15
Let z be (-16)/(-6)*(-9)/(-6). Let u(q) = 3*q + 3 + z - 31*q**3 + 5*q**2 + 32*q**3 + 0*q. Let p(r) = r**2 + 11*r + 23. Let c be p(-4). What is u(c)?
-8
Let j be 10 + -8 + (-10)/(-5) + 2. Let q(k) be the first derivative of 7/3*k**3 - 5/2*k**2 - 1/4*k**4 + 14 + k. Determine q(j).
7
Let k(j) = -2*j. Suppose t = 3*y + 33, 83*y - 84*y = t + 3. Give k(y).
18
Let y(t) = 9*t - 6. Let i be y(1). Suppose 8 = -2*j + k + i*k, 0 = -2*j + 2*k. Let u(p) = p**2 - 2. What is u(j)?
14
Let y(d) = d**2 + 15*d + 29. Let g be y(-13). Let s(z) = 419*z**g + z**2 - 2 - 4 - 423*z**3 + 6. Calculate s(-1).
5
Let h(j) = -29 + j**3 - 44 + 13*j + 47 + 0*j - 3*j - 11*j**2. Determine h(10).
-26
Let l = 417 + -416. Let h(u) = -2 + 3*u - 3*u + l - 5*u - 4. Determine h(-2).
5
Let n(q) = -2*q**2 + 9*q + 107. Let s be n(10). Suppose -17 = -k + 5*b, 3*b = -4*k + b + 46. Let f(j) = 7*j - k*j + 6*j + 3. Determine f(s).
0
Suppose 48 = 12*x + 12. Let g(z) = -6*z + 20. Give g(x).
2
Let k(p) be the first derivative of p**4/2 + p**3/3 - 3*p**2/2 - 2*p - 12788. Determine k(-2).
-8
Suppose -2*b + 87 = -135. Let j = -111 + b. Suppose -2*g = -6*g - 3*x + 21, j = g + 5*x - 1. Let q(f) = -f**2 + 5*f + 5. Calculate q(g).
-1
Let x(y) = -y**2 - 4*y - 2. Let f = -67 - -97. Let o be (4/(-10))/(2/f). Determine x(o).
-14
Let h(d) = -d**2 + 99*d - 961. Let u be h(11). Let n(o) = -o**3 + 12*o**2 - 36*o. Calculate n(u).
-7
Let l be (-4 - -1)*(-2)/3. Let n(b) = -b**3 - 2*b**2 + 5*b - 4. Let k(r) = -2*r**3 - 2*r**2 + 6*r - 5. Let o(t) = -3*k(t) + 4*n(t). Calculate o(l).
11
Let v be (-434)/(-105) + -4 + -3 + (-129)/(-45). Let g(q) = -q**2 + 32. Calculate g(v).
32
Let z(a) be the first derivative of a**4/4 - 8*a**3/3 + a**2/2 + 10*a + 1938. Suppose 5*s - 5*o = 25, 41 = s + 3*s + 3*o. Calculate z(s).
18
Let d(c) be the first derivative of c**3/3 - 27*c**2 - 231*c - 2203. Calculate d(58).
1
Let g = -32 - -39. Let j be (-1 - (-15)/21)/((-1)/g). Let h(q) = -q - 2*q**2 + j*q + 2*q + 0*q. Calculate h(2).
-2
Let d(j) = j - 8. Let i = -906 - -1474. Let p = i + -559. Determine d(p).
1
Let s(c) = c**2 - 8*c - 10. Let g(l) = -20*l - 22*l + 39*l**2 + 9 - 45*l**2. Let a be g(-7). Calculate s(a).
-1
Let t = 205 - 211. Let j be (3/(-5))/(366/(-60) - t). Let u(w) = w + w + 17*w**3 + 5*w**2 - 18*w**3. What is u(j)?
-24
Let d(w) = w**3 + 11*w**2 + 14*w - 5. Suppose q + 5*l + 79 = 29, -q + 22 = -3*l. What is d(q)?
75
Let u be (-1 + 1)*(-330)/(-660). Let o(r) = 3*r + 3*r - r - 4*r. Give o(u).
0
Let d(v) = 2*v + 7. Let j(p) be the first derivative of p**2 + 9*p - 279. Let i(y) = -5*d(y) + 4*j(y). Determine i(-8).
17
Let a(k) = -k**2 - 2*k + 7. Let v be 8 - (1 + -3) - 2. Suppose -v*z - 146 = -106. Calculate a(z).
-8
Let q(r) = -r**3 - 9*r**2 - 3*r + 14. Let n = 2219 - 2225. Determine q(n).
-76
Suppose -2*z + 7*z + 32 = -2*y, 0 = 4*z + 2*y + 26. Let i(q) = 9*q + 17. Determine i(z).
-37
Let k(a) = -a**3 - 2*a**2 + 3*a - 2. Let w(r) = 83 + 35*r - 9*r + 43. Let p be w(-5). Determine k(p).
18
Let o(b) = -b**2 + 2*b + 4. Let t be (-64515)/92 + 1 + 3/(-4). Let a = t + 698. Calculate o(a).
-11
Let a(s) = -3*s**2 + s - 1. Let c = 9409 + -9408. What is a(c)?
-3
Let z(k) = 31*k**3 - 34*k**2 + 20*k - 22. Let o(v) = -37*v**3 + 37*v**2 - 20*v + 23. Let c(y) = -5*o(y) - 6*z(y). Calculate c(18).
-19
Let m(n) be the first derivative of -n**2/2 - 2*n - 2438. Let o be 168/(-16) + (-1)/(-2). Give m(o).
8
Let h(d) = d - 25 + 56 - 30. Let j be (-4 - -1)/((-2)/((-16)/12)). Let z(w) = 8*w. Let u(y) = j*z(y) + 2*h(y). What is u(-2)?
30
Let m = 75 + -71. Suppose -12 = m*b, 2*t + 0*t - 3*b - 13 = 0. Let i(w) = 8*w - 4 + 3*w + 2*w**t - 3*w. Determine i(-6).
20
Let f(w) = -w**2 + w + 2. Let t(k) = -6*k**2 + 26*k - 68. Let l(h) = 5*f(h) - t(h). Determine l(13).
-26
Suppose 5*h = 7*d - 4*d - 1280, 5*d + 543 = -2*h. Let n = -264 - h. Let a(y) = y**3 + 7*y**2 + 7*y + 2. Give a(n).
17
Let q(o) = 3*o**3 - o**2 - 2*o + 1. Let i(l) = 14*l**3 + 4*l**2 + 3*l - 37. Let s(f) = i(f) - 5*q(f). What is s(10)?
-12
Let q(h) = h - h - 4*h - 2. Suppose 62*m + 134 = 3*r + 52*m, r + 5*m = -72. What is q(r)?
6
Let j(n) be the first derivative of n**4/4 - 8*n**3/3 + n**2 + 6*n - 770. Suppose -4*g + 15*g = 77. Give j(g).
-29
Let b be -12*(-1)/3 - (3 - 1). Let w(c) = -3*c**b - 39*c + 4*c**2 - 6 - 45*c + 87*c + 1. What is w(0)?
-5
Let b(q) be the second derivative of q**5/20 + q**4/3 - q**3/3 - 3*q**2 + 6*q. Suppose -37 + 17 = 5*t. Determine b(t).
2
Let h(i) = -104*i + 21. Let o be h(-4). Let g(b) = 0*b**2 + 218 - o + 225 - b**2 - b. Give g(3).
-6
Let g = -88770 + 88771. Let t(h) = 3*h**2 + 5*h**2 - 2 + 2*h - 2. Let f(d) = -9*d**2 - 2*d + 3. Let k(i) = -3*f(i) - 2*t(i). Determine k(g).
12
Let r(k) = 22*k - 1. Let b be (-1 - (-2)/1)/(2/84). Let p be -6 + b/7 + 1. Determine r(p).
21
Let t(g) = -81*g - 3806. Let p be t(-47). Let w(o) = 23*o - 12. Calculate w(p).
11
Let s(w) = -w**3 - 5*w + 3. Let u(y) = y**2. Let n(d) = s(d) + 5*u(d). Let h be n(4). Let b(p) = -30*p - 28*p + 80*p - 24*p. Determine b(h).
2
Let l(k) = 4*k - 1. Let c(s) = -s**2 - 6*s + 13. Let r be 12/5 - 6/15. Let p be c(r). Calculate l(p).
-13
Suppose -140*u = -133*u + 84. Let q(l) = 2*l**2 + 22*l - 12. Determine q(u).
12
Let d(c) = -2*c - 9. Let a(x) = -38*x**3 + 3. Let z be a(-2). Suppose -5*h - 337 = -z. What is d(h)?
3
Let y(x) be the second derivative of 0 - 7*x**2 + 29*x - 1/6*x**3. Let u(m) = 3*m + 3. Let i be u(-4). Calculate y(i).
-5
Let k(b) = 3*b**2 + 2*b. Let a be -2 - ((-238)/28 - 6/(-4)). Suppose -4*d + 5*x = -a*d - 7, -4*d - 12 = 4*x. Determine k(d).
8
Let c(y) be the second derivative of y**4/12 - 13*y**3/6 + 4*y**2 + 4*y. Let i = -330 + 343. Determine c(i).
8
Let v be -190 + 196 - (0/(-2) - -4). Let w(o) = 12*o - 22. Let f be w(v). Let l(u) = u**2. Give l(f).
4
Let j(p) = -2*p**2 + 20*p + 33. Suppose 0 = 4*o + 2*s - 34, -7*s = -4*o - 6*s + 49. What is j(o)?
11
Let l be 14 + -10 - 3/(-1). Let a(q) = l + 2 - 24*q - 4 - 6. What is a(-1)?
23
Let q be 13 - 4*7/14. Let h(y) = 11*y**2 + 11*y**3 - y + 14 - 12*y**3 - 2*y. Calculate h(q).
-19
Suppose 0*o = 2*o - 6. Let f(r) = r**3 - r**2 - 3*r - 6. Let k be f(3). Let s(y) = 0*y**3 + y**3 - o*y - 4 + k*y**2 + 0*y. Calculate s(-3).
5
Suppose 3*d + 7 = 2*i, -4*i + 11 + 13 = 4*d. Suppose -v - 132 = -i*v. Suppose 3*s + v = 6. Let t(r) = -r - 7. Calculate t(s).
2
Let v(p) = p**2 - 2*p - 1. Let a be (-5 - -8)*(-1 - (-1 - -1)). Let i(k) = 2*k**3 - 2*k**2 + 4*k + 2. Let w(b) = a*i(b) - 6*v(b). Give w(1).
-6
Let g(p) = -p - 1. Let z(q) = 4*q + 2. Let m(j) = 2*g(j) - z(j). Let n = 80 + -83. What is m(n)?
14
Suppose -1212 + 1266 = 18*g. Let d(p) = -4*p**2 + 6*p + 3. Determine d(g).
-15
Let b(n) = n + 11. Suppose 27*s = 32*s + 20. Give b(s).
7
Let q(w) = 6*w - 2497 + w**3 - 2499 + 7508 - 2505 - 18*w**2 - 4*w**3. Determine q(-6).
-29
Suppose 4*x = -20 + 308. Let g be ((-6)/2)/(3/x*-9). Let b(p) = p - 1. Let r(k) = -4*k + 13. Let d(f) = 2*b(f) + r(f). Determine d(g).
-5
Let t(o) = -30203 + o**3 + 6*o**2 + 2*o**2 + 6*o + 30210. What is t(-8)?
-41
Let b(z) = 7*z**2 - 176*z**3 + 10*z - 11 + 0*z + 175*z**3. Suppose -44 = -4*r - 3*s, 2*s = -r + 8 + 8. Determine b(r).
5
Let v(z) = -15*z**3 - 2*z**2 + 21*z + 4. Let w(g) = 26*g**3 + 5*g**2 - 39*g - 7. Let y(c) = -7*v(c) - 4*w(c). Calculate y(3).
0
Let v(k) be the first derivative of k**3/3 - k + 52. Let a(x) = x**2 - 3*x + 3. Let m be a(0). Suppose n - g = 5*n - 8, -6 = -3*n - m*g. Calculate v(n).
3
Let p(x) be the first derivative of x**3/3 +